nder when 1618777 is divided by 59?
53
What is the remainder when 223040 is divided by 2505?
95
Calculate the remainder when 1031854 is divided by 61.
39
Calculate the remainder when 1007405 is divided by 4380.
5
Calculate the remainder when 747096 is divided by 121.
42
What is the remainder when 2144887 is divided by 3103?
714
Calculate the remainder when 2842868 is divided by 189524.
8
Calculate the remainder when 5319180 is divided by 646.
16
Calculate the remainder when 6849974 is divided by 153.
11
What is the remainder when 196625542 is divided by 50?
42
What is the remainder when 6304840 is divided by 3359?
3356
Calculate the remainder when 113290 is divided by 11265.
640
What is the remainder when 74315524 is divided by 546?
10
What is the remainder when 443624 is divided by 111?
68
Calculate the remainder when 7264589 is divided by 1210762.
17
Calculate the remainder when 1118570 is divided by 521.
504
What is the remainder when 40379 is divided by 82?
35
What is the remainder when 29359 is divided by 29331?
28
What is the remainder when 204415 is divided by 536?
199
What is the remainder when 19084054 is divided by 181?
138
What is the remainder when 60510 is divided by 648?
246
Calculate the remainder when 11810014 is divided by 216.
214
Calculate the remainder when 359622 is divided by 223.
146
Calculate the remainder when 849053 is divided by 169717.
468
What is the remainder when 62334593 is divided by 304?
1
What is the remainder when 98655 is divided by 39?
24
What is the remainder when 891785 is divided by 264?
257
What is the remainder when 351478 is divided by 8368?
22
Calculate the remainder when 131681 is divided by 774.
101
Calculate the remainder when 243137 is divided by 47758.
4347
What is the remainder when 221448 is divided by 2537?
729
What is the remainder when 8674268 is divided by 138?
2
Calculate the remainder when 1491666 is divided by 547.
544
Calculate the remainder when 459518 is divided by 2128.
1998
Calculate the remainder when 33666779 is divided by 37242.
11
What is the remainder when 37607457 is divided by 6398?
13
Calculate the remainder when 8472 is divided by 8449.
23
What is the remainder when 1143209 is divided by 52?
41
What is the remainder when 115542 is divided by 115517?
25
Calculate the remainder when 62014382 is divided by 783.
782
What is the remainder when 3107536 is divided by 61?
13
Calculate the remainder when 22588 is divided by 3949.
2843
Calculate the remainder when 103645 is divided by 1648.
1469
What is the remainder when 57369 is divided by 1003?
198
What is the remainder when 16864723 is divided by 1686453?
193
What is the remainder when 7155616 is divided by 178?
16
Calculate the remainder when 3182231 is divided by 17.
1
What is the remainder when 139108187 is divided by 407?
64
Calculate the remainder when 14938164 is divided by 786211.
155
Calculate the remainder when 61357 is divided by 3733.
1629
What is the remainder when 601269 is divided by 10415?
7614
What is the remainder when 4070263 is divided by 467?
358
Calculate the remainder when 62460029 is divided by 10.
9
What is the remainder when 397406 is divided by 19866?
86
Calculate the remainder when 18802271 is divided by 14.
5
Calculate the remainder when 4021117 is divided by 174831.
4
What is the remainder when 805123 is divided by 402487?
149
Calculate the remainder when 10011460 is divided by 625715.
20
What is the remainder when 67056 is divided by 21790?
1686
What is the remainder when 5320589 is divided by 4277?
1
What is the remainder when 13960954 is divided by 30751?
0
Calculate the remainder when 174819 is divided by 87333.
153
Calculate the remainder when 1049892 is divided by 1228.
1180
Calculate the remainder when 456964 is divided by 566.
202
Calculate the remainder when 117558 is divided by 609.
21
What is the remainder when 5384 is divided by 4506?
878
What is the remainder when 30401801 is divided by 5909?
5905
What is the remainder when 29607949 is divided by 182?
7
What is the remainder when 2121555073 is divided by 25?
23
Calculate the remainder when 23097 is divided by 7186.
1539
What is the remainder when 267562287 is divided by 1541?
1539
Calculate the remainder when 925299 is divided by 8.
3
Calculate the remainder when 2359871 is divided by 98327.
23
What is the remainder when 1297694 is divided by 648847?
0
What is the remainder when 26087773 is divided by 3814?
13
What is the remainder when 13502517 is divided by 6751253?
11
What is the remainder when 21483804 is divided by 84250?
54
What is the remainder when 433123 is divided by 437?
56
Calculate the remainder when 2816092 is divided by 351991.
164
Calculate the remainder when 1654199 is divided by 1089.
8
What is the remainder when 4273203 is divided by 35610?
3
What is the remainder when 2150027 is divided by 7?
5
What is the remainder when 5447732 is divided by 1361888?
180
Calculate the remainder when 106111 is divided by 49740.
6631
What is the remainder when 1417716 is divided by 708845?
26
Calculate the remainder when 46271628 is divided by 438.
432
What is the remainder when 200640151 is divided by 374?
371
Calculate the remainder when 45703 is divided by 2544.
2455
Calculate the remainder when 167201 is divided by 70.
41
Calculate the remainder when 162468 is divided by 1495.
1008
What is the remainder when 204366 is divided by 1066?
760
Calculate the remainder when 48867 is divided by 23886.
1095
What is the remainder when 171939091 is divided by 12?
7
What is the remainder when 11338552 is divided by 1417315?
32
What is the remainder when 49793628 is divided by 4798?
4782
What is the remainder when 397896 is divided by 19894?
16
Calculate the remainder when 12566900 is divided by 1178.
1174
What is the remainder when 75894678 is divided by 313?
3
Calculate the remainder when 1579862 is divided by 23578.
136
What is the remainder when 66060533 is divided by 3436?
3433
What is the remainder when 60398918 is divided by 119?
111
What is the remainder when 3398594 is divided by 571?
2
What is the remainder when 785715 is divided by 3070?
2865
What is the remainder when 290640 is divided by 29007?
570
Calculate the remainder when 29040282 is divided by 11492.
11490
Calculate the remainder when 11268961 is divided by 536616.
25
Calculate the remainder when 2611950 is divided by 40.
30
Calculate the remainder when 5734277 is divided by 955710.
17
Calculate the remainder when 61685130 is divided by 986.
970
Calculate the remainder when 26160101 is divided by 6540024.
5
What is the remainder when 513686 is divided by 171223?
17
Calculate the remainder when 10553396 is divided by 2925.
2921
What is the remainder when 165130 is divided by 132?
130
What is the remainder when 52678331 is divided by 515?
11
What is the remainder when 2985208 is divided by 455?
408
What is the remainder when 8915459 is divided by 1106?
1099
Calculate the remainder when 18008733 is divided by 63.
57
What is the remainder when 2401301 is divided by 3143?
49
What is the remainder when 4691753 is divided by 938350?
3
Calculate the remainder when 102538 is divided by 3698.
2692
Calculate the remainder when 2915842 is divided by 236.
62
What is the remainder when 41465150 is divided by 4607237?
17
What is the remainder when 3915728 is divided by 2576?
208
What is the remainder when 91172 is divided by 67?
52
Calculate the remainder when 17564 is divided by 2435.
519
What is the remainder when 2432066 is divided by 90076?
14
What is the remainder when 4349405 is divided by 46767?
74
What is the remainder when 98010 is divided by 2722?
18
Calculate the remainder when 43637 is divided by 6980.
1757
Calculate the remainder when 19569 is divided by 8412.
2745
Calculate the remainder when 2383056 is divided by 794352.
0
Calculate the remainder when 599615 is divided by 188.
83
What is the remainder when 172626051 is divided by 16165?
16
What is the remainder when 3773985 is divided by 709?
687
Calculate the remainder when 54616 is divided by 6190.
5096
What is the remainder when 792654 is divided by 1725?
879
What is the remainder when 87618 is divided by 43126?
1366
Calculate the remainder when 274020 is divided by 34252.
4
Calculate the remainder when 41259 is divi